lculate the greatest common factor of 1176 and 408.
24
Calculate the highest common divisor of 615 and 5.
5
Calculate the highest common factor of 54 and 513.
27
Calculate the highest common divisor of 928 and 12412.
116
Calculate the highest common factor of 9 and 237.
3
What is the greatest common divisor of 120 and 216?
24
What is the highest common factor of 63 and 81?
9
Calculate the highest common divisor of 3675 and 105.
105
What is the greatest common divisor of 252 and 4116?
84
Calculate the highest common factor of 36 and 1284.
12
What is the highest common divisor of 6 and 750?
6
Calculate the greatest common divisor of 10231 and 39.
13
What is the highest common divisor of 820 and 88?
4
Calculate the highest common divisor of 10 and 830.
10
What is the highest common factor of 60 and 220?
20
What is the greatest common factor of 240 and 195?
15
Calculate the greatest common divisor of 342 and 576.
18
What is the highest common factor of 26754 and 52?
26
Calculate the greatest common factor of 222 and 814.
74
What is the greatest common divisor of 75 and 400?
25
What is the highest common divisor of 26 and 702?
26
What is the highest common divisor of 9 and 99?
9
What is the highest common divisor of 511 and 21?
7
What is the highest common factor of 516 and 36?
12
Calculate the greatest common divisor of 84 and 744.
12
Calculate the highest common factor of 36 and 132.
12
What is the highest common factor of 18 and 8124?
6
What is the highest common factor of 160 and 30?
10
What is the greatest common divisor of 960 and 8760?
120
Calculate the highest common divisor of 21389 and 73.
73
Calculate the highest common divisor of 76 and 684.
76
Calculate the greatest common divisor of 988 and 13.
13
Calculate the highest common factor of 1716 and 220.
44
Calculate the highest common factor of 2398 and 198.
22
Calculate the greatest common factor of 101 and 4343.
101
Calculate the greatest common divisor of 14 and 69986.
14
What is the highest common divisor of 45 and 795?
15
Calculate the greatest common divisor of 202 and 2.
2
What is the greatest common divisor of 19 and 33307?
19
What is the highest common divisor of 63861 and 21?
21
Calculate the greatest common divisor of 96 and 224.
32
What is the greatest common divisor of 94 and 23782?
94
What is the highest common factor of 8 and 132?
4
What is the highest common divisor of 1 and 23?
1
Calculate the highest common factor of 15 and 80.
5
Calculate the greatest common factor of 49 and 784.
49
What is the greatest common factor of 1209 and 39?
39
What is the highest common divisor of 95 and 6365?
95
What is the highest common divisor of 390 and 60?
30
Calculate the greatest common divisor of 15 and 445.
5
Calculate the greatest common divisor of 13561 and 71.
71
Calculate the highest common divisor of 19 and 3.
1
What is the highest common factor of 2110 and 140?
10
Calculate the highest common factor of 207 and 27.
9
Calculate the highest common divisor of 2494 and 87.
29
Calculate the highest common factor of 280 and 105.
35
What is the greatest common divisor of 221 and 65?
13
What is the highest common divisor of 15740 and 20?
20
What is the greatest common factor of 1176 and 28?
28
Calculate the greatest common divisor of 48 and 66.
6
What is the highest common divisor of 150 and 48?
6
What is the greatest common divisor of 351 and 130?
13
Calculate the greatest common factor of 327 and 2507.
109
Calculate the greatest common divisor of 5 and 1115.
5
Calculate the greatest common divisor of 14 and 350.
14
What is the greatest common divisor of 14656 and 229?
229
What is the highest common divisor of 407 and 333?
37
Calculate the greatest common factor of 68 and 51.
17
Calculate the highest common divisor of 210 and 504.
42
What is the highest common factor of 236 and 10?
2
What is the highest common divisor of 120 and 165?
15
Calculate the greatest common factor of 9333 and 306.
153
What is the greatest common divisor of 36 and 39?
3
Calculate the highest common divisor of 96 and 912.
48
What is the greatest common divisor of 58 and 1073?
29
What is the highest common factor of 1150 and 25?
25
What is the greatest common factor of 84 and 1008?
84
Calculate the greatest common factor of 1410 and 60.
30
What is the highest common factor of 56 and 42?
14
What is the greatest common factor of 200 and 350?
50
Calculate the highest common divisor of 78 and 42.
6
What is the highest common divisor of 876 and 36?
12
What is the greatest common divisor of 103114 and 22?
22
What is the greatest common factor of 15320 and 40?
40
What is the greatest common divisor of 688 and 1634?
86
What is the greatest common factor of 5074 and 118?
118
Calculate the highest common divisor of 210 and 378.
42
Calculate the greatest common divisor of 84 and 1876.
28
Calculate the highest common factor of 6154 and 68.
34
Calculate the greatest common divisor of 22 and 134.
2
What is the highest common divisor of 711 and 11139?
237
Calculate the highest common factor of 5800 and 40.
40
Calculate the greatest common factor of 525 and 21.
21
Calculate the highest common factor of 366 and 246.
6
Calculate the highest common factor of 328 and 123.
41
Calculate the highest common factor of 12 and 46.
2
What is the greatest common divisor of 621 and 1587?
69
What is the highest common factor of 1 and 7303?
1
Calculate the greatest common factor of 9 and 1503.
9
What is the greatest common factor of 77 and 55?
11
Calculate the highest common factor of 214 and 2.
2
What is the greatest common divisor of 55 and 5995?
55
What is the highest common factor of 4554 and 792?
198
What is the highest common divisor of 435 and 783?
87
What is the greatest common divisor of 589 and 1273?
19
What is the greatest common factor of 626 and 6?
2
What is the highest common divisor of 276 and 912?
12
Calculate the greatest common divisor of 24 and 108.
12
Calculate the greatest common divisor of 182 and 455.
91
What is the highest common divisor of 544 and 160?
32
Calculate the greatest common divisor of 92 and 51934.
46
What is the highest common divisor of 116 and 29?
29
Calculate the highest common factor of 250 and 350.
50
Calculate the highest common factor of 102 and 34.
34
What is the highest common divisor of 432 and 192?
48
Calculate the greatest common factor of 725 and 29.
29
Calculate the highest common factor of 390 and 60.
30
Calculate the highest common divisor of 6524 and 28.
28
Calculate the greatest common divisor of 16 and 15264.
16
What is the greatest common factor of 4 and 556?
4
What is the greatest common divisor of 840 and 360?
120
Calculate the greatest common factor of 2 and 157.
1
Calculate the greatest common factor of 2266 and 154.
22
What is the highest common factor of 335 and 15?
5
What is the highest common factor of 1917 and 81?
27
What is the highest common factor of 2886 and 390?
78
Calculate the greatest common factor of 28 and 1057.
7
What is the highest common factor of 715 and 65?
65
Calculate the greatest common divisor of 3654 and 224.
14
What is the highest common divisor of 2955 and 30?
15
What is the greatest common divisor of 444 and 420?
12
Calculate the greatest common divisor of 77 and 77.
77
What is the greatest common factor of 18 and 204?
6
Calculate the greatest common divisor of 24 and 648.
24
Calculate the greatest common factor of 38 and 1026.
38
What is the greatest common factor of 900 and 1980?
180
Calculate the greatest common divisor of 84 and 8616.
12
What is the highest common divisor of 1127 and 28?
7
Calculate the greatest common factor of 28 and 49.
7
Calculate the highest common divisor of 29 and 551.
29
Calculate the greatest common factor of 111 and 5883.
111
Calculate the highest common factor of 117 and 52.
13
Calculate the greatest common divisor of 181 and 2.
1
What is the highest common factor of 66 and 242?
22
Calculate the highest common factor of 13843 and 127.
127
Calculate the highest common divisor of 22 and 1023.
11
What is the greatest common factor of 38 and 114?
38
What is the greatest common factor of 91 and 13?
13
Calculate the greatest common factor of 62 and 38936.
62
What is the highest common factor of 935 and 2295?
85
What is the high